{"id":141,"date":"2023-05-18T11:51:52","date_gmt":"2023-05-18T11:51:52","guid":{"rendered":"https:\/\/accf2.unitru.edu.pe\/?page_id=141"},"modified":"2024-04-22T02:51:27","modified_gmt":"2024-04-22T02:51:27","slug":"proyecto-fondecyt","status":"publish","type":"page","link":"https:\/\/accf.unitru.edu.pe\/index.php\/proyecto-fondecyt","title":{"rendered":"Proyecto FONDECYT"},"content":{"rendered":"\n<p>Aspectos cualitativos de ecuaciones no-locales y aplicaciones.<\/p>\n\n\n\n<h1 class=\"wp-block-heading has-text-align-center\">Universidad Nacional de Trujillo<\/h1>\n\n\n\n<p class=\"has-text-align-center has-vivid-cyan-blue-color has-text-color\"><strong>Facultad de Ciencias F\u00edsicas y Matem\u00e1ticas<\/strong><\/p>\n\n\n\n<p class=\"has-text-align-center has-vivid-red-color has-text-color\"><strong>Departamento Acad\u00e9mico de Matem\u00e1ticas<\/strong><\/p>\n\n\n\n<p class=\"has-vivid-purple-color has-text-color\"><strong>\u00c1rea Cient\u00edfica de C\u00e1lculo Fraccionario<\/strong><\/p>\n\n\n\n<p><strong>Proyecto Fondecyt:<\/strong>&nbsp;&nbsp;Contrato: N\u00ba379-2019<\/p>\n\n\n\n<p><strong>CIERRE Y DIFUSI\u00d3N DE RESULTADOS DEL PROYECTO:<\/strong><\/p>\n\n\n\n<p><\/p>\n\n\n\n<p><a href=\"https:\/\/drive.google.com\/file\/d\/1nQuE2eNeprcwtJ8Qpfmf6TaDk9HshauQ\/view?usp=sharing\">Resoluci\u00f3n Vicerrectoral de Investigaci\u00f3n N\u00ba 004-2023-VIN-UNT<\/a><\/p>\n\n\n\n<figure class=\"wp-block-image size-large\"><img loading=\"lazy\" decoding=\"async\" width=\"1024\" height=\"576\" src=\"https:\/\/accf2.unitru.edu.pe\/wp-content\/uploads\/2023\/05\/IMG_1067-1024x576.jpeg\" alt=\"\" class=\"wp-image-454\" srcset=\"https:\/\/accf.unitru.edu.pe\/wp-content\/uploads\/2023\/05\/IMG_1067-1024x576.jpeg 1024w, https:\/\/accf.unitru.edu.pe\/wp-content\/uploads\/2023\/05\/IMG_1067-300x169.jpeg 300w, https:\/\/accf.unitru.edu.pe\/wp-content\/uploads\/2023\/05\/IMG_1067-768x432.jpeg 768w, https:\/\/accf.unitru.edu.pe\/wp-content\/uploads\/2023\/05\/IMG_1067-1536x864.jpeg 1536w, https:\/\/accf.unitru.edu.pe\/wp-content\/uploads\/2023\/05\/IMG_1067.jpeg 1600w\" sizes=\"auto, (max-width: 1024px) 100vw, 1024px\" \/><\/figure>\n\n\n\n<p class=\"has-small-font-size\">(De izquierda a derecha: Ms. George Alama, Dr. Jes\u00fas Avalos, Dr. C\u00e9sar Torres, Ms. Cuti Guti\u00e9rrez, Ms. Montalvo, Lic. Jos\u00edas Vera, Bach. Aldrin Vargas)<\/p>\n\n\n\n<figure class=\"wp-block-image size-large\"><img loading=\"lazy\" decoding=\"async\" width=\"1024\" height=\"576\" src=\"https:\/\/accf2.unitru.edu.pe\/wp-content\/uploads\/2023\/05\/IMG_1068-1-1024x576.jpeg\" alt=\"\" class=\"wp-image-455\" srcset=\"https:\/\/accf.unitru.edu.pe\/wp-content\/uploads\/2023\/05\/IMG_1068-1-1024x576.jpeg 1024w, https:\/\/accf.unitru.edu.pe\/wp-content\/uploads\/2023\/05\/IMG_1068-1-300x169.jpeg 300w, https:\/\/accf.unitru.edu.pe\/wp-content\/uploads\/2023\/05\/IMG_1068-1-768x432.jpeg 768w, https:\/\/accf.unitru.edu.pe\/wp-content\/uploads\/2023\/05\/IMG_1068-1-1536x864.jpeg 1536w, https:\/\/accf.unitru.edu.pe\/wp-content\/uploads\/2023\/05\/IMG_1068-1.jpeg 1600w\" sizes=\"auto, (max-width: 1024px) 100vw, 1024px\" \/><\/figure>\n\n\n\n<p><a href=\"https:\/\/drive.google.com\/file\/d\/1YEiKFsoJMeL3-Y4Zx-K2OOP9oPCFmSuq\/view?usp=sharing\"><br>RESULTADOS.PDF<\/a><\/p>\n\n\n\n<p class=\"has-small-font-size\">Dentro de los objetivos esperados del proyecto se ten\u00edan 3 publicaciones, con lo cual se super\u00f3 con un total&nbsp;<strong>19 publicaciones<\/strong>&nbsp;en revistas de prestigio internacional, Q1, Q2 y Q3.<\/p>\n\n\n\n<hr class=\"wp-block-separator has-alpha-channel-opacity\"\/>\n\n\n\n<p><strong>Investigador principal<\/strong><\/p>\n\n\n\n<p>Dr. C\u00e9sar Enrique Torres Ledesma<\/p>\n\n\n\n<p class=\"has-small-font-size\"><strong>Co-Investigadores<\/strong><br>~ Dr. Gilberto Amado M\u00e9ndez Cruz<br>~ Ms. Hern\u00e1n Arquimedes Cuti Gutierrez<br>~ Ms. Manuel Cosme Montalvo Bonilla<br><strong>Tesistas<\/strong><br>\u2022&nbsp;<strong>Pregrado:<\/strong>&nbsp;Licenciado en Matem\u00e1ticas<br>~ Jos\u00edas Vera Baca<br>~ Carlos Raul Urtecho Vidaurre<br>\u2022&nbsp;<strong>Postgrado:&nbsp;<\/strong>Doctor en Matem\u00e1tica<br>~ Jes\u00fas Pascual \u00c1valos Rodr\u00edguez<\/p>\n\n\n\n<p>\u00a1OBJETIVOS CUMPLIDOS!<\/p>\n\n\n\n<figure class=\"wp-block-image size-large\"><img loading=\"lazy\" decoding=\"async\" width=\"1024\" height=\"491\" src=\"https:\/\/accf2.unitru.edu.pe\/wp-content\/uploads\/2023\/05\/IMG_1069-1024x491.png\" alt=\"\" class=\"wp-image-459\" srcset=\"https:\/\/accf.unitru.edu.pe\/wp-content\/uploads\/2023\/05\/IMG_1069-1024x491.png 1024w, https:\/\/accf.unitru.edu.pe\/wp-content\/uploads\/2023\/05\/IMG_1069-300x144.png 300w, https:\/\/accf.unitru.edu.pe\/wp-content\/uploads\/2023\/05\/IMG_1069-768x369.png 768w, https:\/\/accf.unitru.edu.pe\/wp-content\/uploads\/2023\/05\/IMG_1069.png 1269w\" sizes=\"auto, (max-width: 1024px) 100vw, 1024px\" \/><\/figure>\n\n\n\n<h1 class=\"wp-block-heading\"><strong>Art\u00edculos publicados en revistas con cuartil Q1<\/strong><\/h1>\n\n\n\n<p class=\"has-small-font-size\">An existence result for a class of magnetic problems in<br>exterior domains.<br>Claudianor O. Alves, Vincenzo Ambrosio and C\u00e9sar E. Torres Ledesma<br>Milan Journal of Mathematics 89 (2021), no 2, 523-550.<br><a href=\"https:\/\/link.springer.com\/article\/10.1007\/s00032-021-00340-z\">https:\/\/link.springer.com\/article\/10.1007\/s00032-021-00340-z<\/a><br><strong>Cite score:<\/strong>&nbsp;1.552 Quartil: Q1<\/p>\n\n\n\n<p class=\"has-small-font-size\">Ground state solutions for a class of nonlocal regional&nbsp;Schr\u00f6dinger equation with nonperiodic potentials.<br>C\u00e9sar E. Torres Ledesma and Hern\u00e1n C. Guti\u00e9rrez<br>Math Meth Appl Sci. 44 (2021),&nbsp;<a href=\"tel:4000-4017\">4000-4017<\/a>.<br><a href=\"https:\/\/onlinelibrary.wiley.com\/doi\/abs\/10.1002\/mma.7005\">https:\/\/onlinelibrary.wiley.com\/doi\/abs\/10.1002\/mma.7005<\/a><br><strong>Cite score:<\/strong>&nbsp;2.321 Quartil: Q1<\/p>\n\n\n\n<p class=\"has-small-font-size\">Existence of solution for a class of variational inequality in&nbsp;whole RN with critical growth.<br>Claudianor O. Alves, Luciano M. Barros and C\u00e9sar E. Torres Ledesma<br>Journal of Mathematical Analysis and Applications, 494 (2021), no 2,<br>124672.<br><a href=\"https:\/\/www.sciencedirect.com\/science\/article\/abs\/pii\/S0022247X20308350\">https:\/\/www.sciencedirect.com\/science\/article\/abs\/pii\/S0022247X20308350<\/a><br><strong>Cite score:<\/strong>&nbsp;1.583 Quartil: Q1<\/p>\n\n\n\n<p class=\"has-small-font-size\">Multiplicity of Solution for Some Classes of Prescribed Mean&nbsp;Curvature Equation with Dirichlet Boundary Condition.<br>Claudianor O. Alves and C\u00e9sar E. Torres Ledesma<br>The Journal of Geometric Analysis, 32, 262 (2022)<br><a href=\"https:\/\/link.springer.com\/article\/10.1007\/s40314-022-02124-6\">https:\/\/link.springer.com\/article\/10.1007\/s40314-022-02124-6<\/a><br><strong>Cite score:<\/strong>&nbsp;1 Quartil: Q1<\/p>\n\n\n\n<p class=\"has-small-font-size\">Existence of solutions for critical Fractional FitzHugh&nbsp;Nagumo type systems.<br>C\u00e9sar E. Torres Ledesma<br>Mathematische Nachrichten 295, 8, 1617-1640<br><a href=\"https:\/\/doi.org\/10.1002\/mana.202000012\">https:\/\/doi.org\/10.1002\/mana.202000012<\/a><br><strong>Cite score:<\/strong>&nbsp;1.199 Quartil: Q1<\/p>\n\n\n\n<p class=\"has-small-font-size\">Nehari manifold for weighted singular fractional p-Laplace&nbsp;equations.<br>J. V. da C. Sousa, C\u00e9sar E. Torres Ledesma, M. Pigossi and J. Zuo<br>Bulletin of the Brazilian Mathematical Society, New Series, 53,<br>1245-1275 (2022)<br><a href=\"https:\/\/link.springer.com\/article\/10.1007\/s00574-022-00302-y\">https:\/\/link.springer.com\/article\/10.1007\/s00574-022-00302-y<\/a><br><strong>Cite score:<\/strong>&nbsp;1.02 Quartil: Q1<\/p>\n\n\n\n<p class=\"has-small-font-size\">Positive Solutions for a class of fractional Choquard equation&nbsp;in exterior domain.<br>C\u00e9sar E. Torres Ledesma and Olimpio H. Miyagaki<br>Milan Journal of Mathematics, 90, 519-554 (2022)<br><a href=\"https:\/\/doi.org\/10.1007\/s00032-022-00361-2\">https:\/\/doi.org\/10.1007\/s00032-022-00361-2<\/a><br><strong>Cite score:<\/strong>&nbsp;1.07 Quartil: Q1<\/p>\n\n\n\n<p class=\"has-small-font-size\">Fractional integration by parts and Sobolev type inequalities&nbsp;for \u03c8-fractional operators.<br>C\u00e9sar E. Torres Ledesma and Jose Vanterler da C. Sousa<br>Math Meth Appl Sci. 45, 16,&nbsp;<a href=\"tel:9945-9966\">9945-9966<\/a>&nbsp;(2022)<br><a href=\"https:\/\/doi.org\/10.1002\/mma.8348\">https:\/\/doi.org\/10.1002\/mma.8348<\/a><br><strong>Cite score:<\/strong>&nbsp;2.321 Quartil: Q1<\/p>\n\n\n\n<p class=\"has-small-font-size\">Lane-Emden equations perturbed by nonhomogeneous&nbsp;potential in the super critical case.<br>Yong Ma, Ying Wang and C\u00e9sar E. Torres Ledesma<br>Adv. Nonlinear Analysis 11 (2022), no 1, 128-140.<br><a href=\"https:\/\/www.degruyter.com\/document\/doi\/10.1515\/anona-2020-0129\/html\">https:\/\/www.degruyter.com\/document\/doi\/10.1515\/anona-2020-0129\/html<\/a><br><strong>Cite score:<\/strong>&nbsp;4.279 Quartil: Q1<\/p>\n\n\n\n<p class=\"has-small-font-size\">Existence of positive solutions for a class of fractional&nbsp;Choquard equation in exterior domain.<br>C\u00e9sar E. Torres Ledesma<br>Discrete and Continuous Dynamical Systems 42(2022), no 7,&nbsp;<a href=\"tel:3301-3328\">3301-3328<\/a><br><a href=\"https:\/\/www.aimsciences.org\/article\/doi\/10.3934\/dcds.2022016?viewType=html\">https:\/\/www.aimsciences.org\/article\/doi\/10.3934\/dcds.2022016?viewType=html<\/a><br><strong>Cite score:<\/strong>&nbsp;1.568 Quartil: Q1<\/p>\n\n\n\n<p class=\"has-small-font-size\">Properties of fractional operators with fixed memory length.<br>C\u00e9sar E. Torres Ledesma, Josias V. Baca and J. Vanterler da C. Sousa<br>Math Meth Appl Sci. 45(2022); no 1, 49-76.<br><a href=\"https:\/\/onlinelibrary.wiley.com\/doi\/abs\/10.1002\/mma.7761\">https:\/\/onlinelibrary.wiley.com\/doi\/abs\/10.1002\/mma.7761<\/a><br>Cite score: 2.321 Quartil: Q1<\/p>\n\n\n\n<p class=\"has-small-font-size\">Some existence results for a class of Euclidean bosonic&nbsp;equations.<br>C\u00e9sar E. Torres Ledesma, Hern\u00e1n C. Gutierrez, Manuel M. Bonilla and<br>Jes\u00fas A. Rodr\u00edguez<br>Journal of Mathematical Analysis and Applications, 519 (2023),<br>126852.<br><a href=\"https:\/\/www.sciencedirect.com\/science\/article\/abs\/pii\/S0022247X20308350\">https:\/\/www.sciencedirect.com\/science\/article\/abs\/pii\/S0022247X20308350<\/a><br><strong>Cite score:<\/strong>&nbsp;1.583 Quartil: Q1<\/p>\n\n\n\n<h1 class=\"wp-block-heading\"><strong>Art\u00edculos publicados en revistas con cuartil Q2<\/strong><\/h1>\n\n\n\n<p class=\"has-small-font-size\">A variational approach for a problem involving a \u03c8-Hilfer&nbsp;fractional operator.<br>J. Vanterler da C. Sousa, Leandro S. Tavares and C\u00e9sar E. Torres&nbsp;Ledesma<br>Journal of Appleid Analysis and Computation 11 (2021), no 3,<br>1610-1630.<br><a href=\"http:\/\/www.jaac-online.com\/article\/doi\/10.11948\/20200343\">http:\/\/www.jaac-online.com\/article\/doi\/10.11948\/20200343<\/a><br><strong>Cite score:<\/strong>&nbsp;1.827 Quartil: Q2<\/p>\n\n\n\n<p class=\"has-small-font-size\">Infinitely many solutions for a nonlocal type problem with&nbsp;sign-changing weight function.<br>E. Azroul, A. Benkirane, M. Srati and C\u00e9sar E. Torres Ledesma<br>Electronic Journal of Differential Equations, 2021, No. 16, pp. 1-15.<br><a href=\"https:\/\/ejde.math.txstate.edu\/Volumes\/2021\/16\/azroul.pdf\">https:\/\/ejde.math.txstate.edu\/Volumes\/2021\/16\/azroul.pdf<\/a><br><strong>Cite score:<\/strong>&nbsp;1.282 Quartil: Q2<\/p>\n\n\n\n<p class=\"has-small-font-size\">Fractional Hamiltonian systems with vanishing potentials.<br>C\u00e9sar E. Torres Ledesma<br>Progress in Fractional Differentiation and Applications 8(2022), no 3,<br>415-433<br><a href=\"https:\/\/www.naturalspublishing.com\/Article.asp?ArtcID=21981\">https:\/\/www.naturalspublishing.com\/Article.asp?ArtcID=21981<\/a><br><strong>Cite score:<\/strong>&nbsp;0.52 Quartil: Q2<\/p>\n\n\n\n<p class=\"has-small-font-size\">A Fractional Ambrosetti-Prodi type problem in RN .<br>Romildo N. de Lima, C\u00e9sar E. Torres Ledesma and Al\u00e2nnio B. N\u00f3brega<br>to appear in Journal of Elliptic and Parabolic Equations, (2023)<br><a href=\"https:\/\/doi.org\/10.1007\/s41808-022-00173-w\">https:\/\/doi.org\/10.1007\/s41808-022-00173-w<\/a><br><strong>Cite score:<\/strong>&nbsp;0.61 Quartil: Q2<\/p>\n\n\n\n<p class=\"has-small-font-size\">Weighted Hardy-Littlewood-Sobolev-type inequality for&nbsp;\u03c8-Riemann-Liouville fractional integrals.<br>C\u00e9sar E. Torres Ledesma, J. Vanterler da C. Sousa and Amado M.&nbsp;Cruz<br>to appear in Illionois Journal of Mathematics 2023<br><a href=\"doi: 10.1215\/00192082-10346668\">DOI: 10.1215\/00192082-10346668<\/a><br><strong>Cite score:<\/strong>&nbsp;0.4 Quartil: Q2<\/p>\n\n\n\n<p><strong>Art\u00edculos publicados en revistas con cuartil Q3<\/strong><\/p>\n\n\n\n<p class=\"has-small-font-size\">Fractional Sobolev space with Riemann-Liouville fractional&nbsp;derivative and application to a fractional concave-convex&nbsp;problem.<br>C\u00e9sar E. Torres Ledesma and Manuel C. Montalvo Bonilla<br>Advances in Operator Theory 6 (2021), no4, paper No 65, 38pp.<br><a href=\"doi: 10.1215\/00192082-10346668\">https:\/\/link.springer.com\/article\/10.1007\/s43036-021-00159-w<\/a><br><strong>Cite score:<\/strong>&nbsp;0.4 Quartil: Q3<\/p>\n\n\n\n<p class=\"has-small-font-size\">Differential equations with fractional derivatives with fixed&nbsp;memory length.<br>C\u00e9sar E. Torres Ledesma, Jes\u00fas A. Rodr\u00edgues and J. Vanterler da C.<br>Sousa<br>to appear in Rendiconti del Circolo Matematico di Palermo Series 2.&nbsp;2023<br><a href=\"https:\/\/link.springer.com\/article\/10.1007\/s12215-021-00713-8\">https:\/\/link.springer.com\/article\/10.1007\/s12215-021-00713-8<\/a><br><strong>Cite score:<\/strong>&nbsp;0.4 Quartil: Q3<\/p>\n\n\n\n<hr class=\"wp-block-separator has-alpha-channel-opacity\"\/>\n\n\n\n<p><strong>Tesis:<\/strong><\/p>\n\n\n\n<p class=\"has-small-font-size\"><strong>Doctorado:&nbsp;<\/strong>Existencia y unicidad de soluci\u00f3n para una ecuaci\u00f3n&nbsp;diferencial con derivada fraccionaria de memoria fija.<br><strong>Autor:<\/strong>&nbsp;&nbsp;Jes\u00fas Pascual \u00c1valos Rodr\u00edguez<\/p>\n\n\n\n<p><strong>Licenciatura:<\/strong>&nbsp;<\/p>\n\n\n\n<ul class=\"wp-block-list\">\n<li>Teorema fundamental del c\u00e1lculo para los operadores&nbsp;fraccionarios con longitud de memoria fija<br><strong>Autor:<\/strong>&nbsp;Vera Baca Jos\u00edas<\/li>\n\n\n\n<li class=\"has-small-font-size\">Determinanci\u00f3n de un quiver Grassmanniano isomorfo&nbsp;a una curva proyectiva plana<br><strong>Autor:<\/strong>&nbsp;Urtecho Vifaurre Carlos Ra\u00fal<\/li>\n<\/ul>\n\n\n\n<p><strong>EXPOSICI\u00d3N EN EVENTOS NACIONALES<\/strong><\/p>\n\n\n\n<ol class=\"wp-block-list\">\n<li class=\"has-small-font-size\">Actividades Acad\u00e9micas organizadas por el COMAP-La&nbsp;Libertad, en celebraci\u00f3n del D\u00cdA INTERNACIONAL DE&nbsp;LAS MATEM\u00c1TICAS, Marzo 2020.<\/li>\n\n\n\n<li>II Ciclo de Conferencias COMAP, Marzo 2021.<\/li>\n\n\n\n<li class=\"has-small-font-size\">Jornada Acad\u00e9mica en el marco del 60\u25e6 Aniversario de la&nbsp;Instalaci\u00f3n del Primer Consejo de Facultad de Ciencias&nbsp;F\u00edsicas y Matem\u00e1ticas de la Universidad Nacional de Trujillo,&nbsp;Octubre 2022.<\/li>\n<\/ol>\n\n\n\n<p><strong>EXPOSICI\u00d3N EN EVENTOS INTERNACIONALES<\/strong><\/p>\n\n\n\n<ol class=\"wp-block-list\">\n<li>5\u25e6 Jornada Peruana Internacional de Investigaci\u00f3n en&nbsp;Ingenier\u00eda y Ciencias JP3IC, Lima, Febrero 2021.<\/li>\n\n\n\n<li class=\"has-small-font-size\">V Jornada Internacional en Ecuaciones Diferenciales y&nbsp;Aplicaciones: \u201cDr. Ra\u00fal Mois\u00e9s Izaguirre Magui\u00f1a\u201d, Facultad&nbsp;de Ciencias Matem\u00e1ticas, Universidad Nacional Mayor de San Marcos,&nbsp;Lima, Octubre 2021.<\/li>\n\n\n\n<li class=\"has-small-font-size\">Seminario Internacional de Ecuaciones Diferenciales, C\u00e1lculo&nbsp;Fraccionario y Aplicaciones, Departamento Acad\u00e9mico de&nbsp;Matem\u00e1tica, Estad\u00edstica e Inform\u00e1tica, Universidad Nacional de&nbsp;Tumbes, Setiembre 2021.<\/li>\n\n\n\n<li class=\"has-small-font-size\">XIV Encontro Nacional de An\u00e1lise Matem\u00e1tica e Aplica\u00e7\u00f5es,&nbsp;Universidade Federal de Campina Grande \u2013 Universidade Estadual da&nbsp;Par\u00e1iba, Brasil, Noviembre 2021.<\/li>\n\n\n\n<li class=\"has-small-font-size\">III Conferencia Internacional de Matem\u00e1tica Pura y&nbsp;Aplicada, Universidad Nacional Santiago Ant\u00fanez de Mayolo, Huaraz,&nbsp;Diciembre 2021.<\/li>\n\n\n\n<li class=\"has-small-font-size\">II Brazilian Symposium on Fractional Calculus, SBMAC,&nbsp;Brasil, Enero 2022.<\/li>\n\n\n\n<li class=\"has-small-font-size\">Congreso Internacional Multidisciplinario de Matem\u00e1tica,&nbsp;Escuela Profesional de Matem\u00e1tica, Universidad Nacional de&nbsp;Ingenier\u00eda, Abril 2022.<\/li>\n\n\n\n<li class=\"has-small-font-size\">Semin\u00e1rio Avan\u00e7ado de Equa\u00e7\u00f5es El\u00edpticas, Unidade Acad\u00eamica&nbsp;de Matem\u00e1tica, Universidade Federal de Campina Grande, Brasil,&nbsp;Agosto 2022.<\/li>\n\n\n\n<li class=\"has-small-font-size\">VI Jornada Internacional en Ecuaciones Diferenciales y&nbsp;Aplicaciones: \u201cDr. Ra\u00fal Mois\u00e9s Izaguirre Magui\u00f1a\u201d, Facultad&nbsp;de Ciencias Matem\u00e1ticas, Universidad Nacional Mayor de San Marcos,&nbsp;Lima, Octubre 2022.<\/li>\n\n\n\n<li class=\"has-small-font-size\">IV Conferencia Internacional de Matem\u00e1tica Pura y&nbsp;Aplicada, Universidad Nacional Santiago Ant\u00fanez de Mayolo, Huaraz,&nbsp;Diciembre 2022.<\/li>\n\n\n\n<li class=\"has-small-font-size\">IV Encuentro Internacional en Ciencias Matem\u00e1ticas \u2013 IV&nbsp;EICM 2022, Facultad de Ciencias F\u00edsicas y Matem\u00e1ticas, Universidad&nbsp;Nacional Pedro Ru\u00edz Gallo, Diciembre 2022.<\/li>\n\n\n\n<li class=\"has-small-font-size\">VI Congreso Internacional Multidisciplinario de Matem\u00e1tica,&nbsp;Grupo de Investigaci\u00f3n Matem\u00e1tica Aplicada, UNMSM, Lima,&nbsp;Diciembre 2022.<\/li>\n<\/ol>\n\n\n\n<p><strong>COLABORADORES EXTRANJEROS:<\/strong><\/p>\n\n\n\n<p><strong>Brasil<\/strong><\/p>\n\n\n\n<ul class=\"wp-block-list\">\n<li class=\"has-small-font-size\"><strong>Universidad Federal de Campina Grande<\/strong><br>Dr. Claudianor Oliveira Alves<br>Dr. Al\u00e2nnio Barbosa Nobrega<br>Dr. Romildo Nascimento de Lima<br>Dr. Francisco J\u00falio S. A. Corr\u00eaa<\/li>\n\n\n\n<li class=\"has-small-font-size\"><strong>Universidade Federal de S\u00e3o Carlos<\/strong><br>Dr. Olimpio H. Miyagaki<\/li>\n\n\n\n<li class=\"has-small-font-size\"><strong>Universidade Estadual do Maranh\u00e3o<\/strong><br>Dr. Jose Vanterler da C. Sousa<\/li>\n<\/ul>\n\n\n\n<p><strong>China<\/strong><\/p>\n\n\n\n<ul class=\"wp-block-list\">\n<li class=\"has-small-font-size\"><strong>Jiangxi Normal University<\/strong><br>Dra. Ying Wang<\/li>\n\n\n\n<li class=\"has-small-font-size\"><strong>Guangzhou University<\/strong><br>Dr. Jianbin Zuo<\/li>\n<\/ul>\n\n\n\n<p><strong>Italia<\/strong><\/p>\n\n\n\n<ul class=\"wp-block-list\">\n<li class=\"has-small-font-size\"><strong>Universit\u00e1 Politecnica delle Marche<\/strong><br>Dr. Vincenzo Ambrosio<\/li>\n<\/ul>\n\n\n\n<p><strong>Morocco<\/strong><\/p>\n\n\n\n<ul class=\"wp-block-list\">\n<li class=\"has-small-font-size\"><strong>Sidi Mohamed Ben Abdellah University<\/strong><br>Dr. Elhoussine Azroul<br>Dr. Abdelmoujib Benkirane<br>Dr. Mohammed Srati<\/li>\n<\/ul>\n","protected":false},"excerpt":{"rendered":"<p>Aspectos cualitativos de ecuaciones no-locales y aplicaciones. Universidad Nacional de<\/p>\n","protected":false},"author":2,"featured_media":0,"parent":0,"menu_order":0,"comment_status":"closed","ping_status":"closed","template":"","meta":{"footnotes":""},"class_list":["post-141","page","type-page","status-publish","hentry"],"_links":{"self":[{"href":"https:\/\/accf.unitru.edu.pe\/index.php\/wp-json\/wp\/v2\/pages\/141","targetHints":{"allow":["GET"]}}],"collection":[{"href":"https:\/\/accf.unitru.edu.pe\/index.php\/wp-json\/wp\/v2\/pages"}],"about":[{"href":"https:\/\/accf.unitru.edu.pe\/index.php\/wp-json\/wp\/v2\/types\/page"}],"author":[{"embeddable":true,"href":"https:\/\/accf.unitru.edu.pe\/index.php\/wp-json\/wp\/v2\/users\/2"}],"replies":[{"embeddable":true,"href":"https:\/\/accf.unitru.edu.pe\/index.php\/wp-json\/wp\/v2\/comments?post=141"}],"version-history":[{"count":5,"href":"https:\/\/accf.unitru.edu.pe\/index.php\/wp-json\/wp\/v2\/pages\/141\/revisions"}],"predecessor-version":[{"id":1043,"href":"https:\/\/accf.unitru.edu.pe\/index.php\/wp-json\/wp\/v2\/pages\/141\/revisions\/1043"}],"wp:attachment":[{"href":"https:\/\/accf.unitru.edu.pe\/index.php\/wp-json\/wp\/v2\/media?parent=141"}],"curies":[{"name":"wp","href":"https:\/\/api.w.org\/{rel}","templated":true}]}}